nder when j is divided by 13?
7
Let g = 20 - -24. Calculate the remainder when (15 - 8 - 9)*171/(-2) is divided by g.
39
Suppose -1381 + 5265 = 5*o - 2*d, -3*o = 3*d - 2343. What is the remainder when o is divided by 27?
22
Let g = -179 + 213. What is the remainder when 46 is divided by g?
12
Suppose -20*d = -26*d + 846. What is the remainder when d is divided by 18?
15
Let v(d) = 2*d - 5. Let a be v(13). Let k = a + -13. Calculate the remainder when (-28 + 0)*2/(-4) is divided by k.
6
Suppose -2*j = 2, 2*p = 3*p - 4*j - 72. Suppose -2*a + 0*a + p = 0. What is the remainder when a - 3*6/9 is divided by 17?
15
Suppose 2*c - 3*a = 178, 15*c - 4*a + 316 = 19*c. What is the remainder when 331 is divided by c?
82
Let x be (-7)/(28/(-16)) - 55. Let s = -32 - x. What is the remainder when s is divided by 6?
1
What is the remainder when -4 + (-8 - -160 - -11) is divided by 33?
27
Let m = 70 - 35. Let c(y) = y**2 - 21*y + 89. Calculate the remainder when c(20) is divided by m.
34
Let w = -3 + 6. Let a(c) = 20*c**2 + 2*c + 3. Calculate the remainder when a(w) is divided by 38.
37
Let p be 2/(6/9) - -10. Let q = 15 - p. Calculate the remainder when q is divided by 2.
0
Suppose 5*m - 17 = -5*b + 3, 0 = 4*m + 3*b - 14. Suppose d - 13 = 5*y, -3*y - y = -d + 12. Calculate the remainder when d - 4/m*-1 is divided by 3.
1
Let q(n) = 3*n**3 - 2*n**2 + 2. Let g be -5*3/((-60)/(-8)). Let x be q(g). What is the remainder when 35 is divided by -3 + (0 - x/2)?
11
Let x(n) = 11*n - 14. Suppose -3*b + 3 = -5*t, 3*b = -t + 12 + 9. Let s be x(b). Let h = -27 + s. Calculate the remainder when h is divided by 13.
12
Let x be -3 - -4 - (-3 - -2). Suppose 3*r = r + 2*p + 4, 3*r = 2*p + 9. Calculate the remainder when r is divided by 3 - (x - 3)/(-1).
1
Let j(o) = -4*o**3 + 3*o**2 - 4*o + 3. Let z be j(2). Calculate the remainder when 166 is divided by 20/z - 124/(-5).
22
Suppose 3*k = -p + 20, 5*p - 20 = k - 0*k. Suppose p*n - 58 = -3*u - 0*n, 5*u - 107 = 2*n. Calculate the remainder when 103 is divided by u.
19
Let y(t) = 2*t - 16. Let s be y(18). Let g be s - (-2 + -1)/3. Let j = g - 15. Calculate the remainder when 23 is divided by j.
5
Let v be ((-10)/(-15))/((-2)/24). Let d(b) = -11*b - 13. Calculate the remainder when d(-10) is divided by (-262)/v - 8/(-32).
31
Suppose 5*h = 5*y + 100, h + 2*y + 2 = 13. Let n be (h + 1)*(-3 - -4). Suppose 0 = b + 2*b - n. What is the remainder when 21 is divided by b?
3
Suppose 3*d - 9 = d + 3*o, -2*o - 6 = 5*d. Suppose d = 4*w + 7*w - 220. Calculate the remainder when 57 is divided by w.
17
Let y = -4385 - -4393. Calculate the remainder when 69 + (0 - 0) + 2 is divided by y.
7
What is the remainder when 301 is divided by (-78)/(-208) + 2420/32?
73
What is the remainder when 112 is divided by (-76)/(-3) + (-28)/12?
20
Let n(a) be the third derivative of a**5/60 - a**4/24 - 8*a**3/3 + 7*a**2. Let b = -106 - -157. Calculate the remainder when b is divided by n(6).
9
Let n = -35 - -25. What is the remainder when 48 + -1 + (n - -7) is divided by 8?
4
Suppose -5*k + 5*b = -640, 3*k - 5*b - 108 = 2*k. Suppose -2*w - r + k = 0, 99 + 93 = 3*w + 3*r. What is the remainder when w is divided by -10*((-7)/2)/1?
34
Suppose -3*p = -p - 12. Suppose -27*y + 14*y + 143 = 0. Let x = y + p. What is the remainder when 66 is divided by x?
15
Let x = 13 - 7. Let k be (-2 - 4) + 4/2. What is the remainder when ((-2 - k) + 4)*(-10)/(-3) is divided by x?
2
Let k(i) = -28*i - 93. Calculate the remainder when k(-8) is divided by 17.
12
Suppose 0*l + 192 = 6*l. Calculate the remainder when l is divided by 28.
4
What is the remainder when (-1 - 0)*(-1 - 35) is divided by 10/(-135) + 1904/189?
6
Calculate the remainder when 1/((-16)/6168)*(-2)/3 is divided by 26.
23
Suppose -65*r - 13*r = -6552. Calculate the remainder when 187 is divided by r.
19
Suppose 172 = 4*p + 5*h - 151, -p + 4*h = -107. Calculate the remainder when 132 is divided by p.
45
Let c = 94 + -78. Suppose 5*y + 0*y - c = -v, 2*v - y = 43. Calculate the remainder when 49 is divided by v.
7
Suppose 5*s - 6 = -i, -4*i - 3*s + 63 = -12. Let d(b) = 2*b**2 + 50*b + 56. Calculate the remainder when i is divided by d(-24).
5
Let i(r) = -r + 16. Let s be i(0). Let n be (-592)/(-32) - (-2)/4. Let l = n - s. What is the remainder when 11 is divided by l?
2
Let o(k) = -k**3 + 7*k**2 + 26*k - 135. Let h = -1 + 3. What is the remainder when o(8) is divided by h?
1
Let x be 4/6 + (-56)/(-6). What is the remainder when (x/6)/(1/15) is divided by 6?
1
Let b(a) = a**3 - a - 3. Let w be b(-4). Let t = -35 - w. Let o = 42 - t. Calculate the remainder when 55 is divided by o.
13
Suppose 0 = 5*z + 2*l - 177 - 112, -4*l - 106 = -2*z. Suppose -5*a + 142 = -2*u, -z = -0*a - 2*a + u. What is the remainder when a is divided by 6?
4
Calculate the remainder when 10725/780 - ((-2)/8 + 0) is divided by 11.
3
Suppose 0 = -s + 5*h + 50, 2*h + 0*h = 2. Suppose -5*w + 0*w + s = 0. What is the remainder when 16 is divided by w?
5
Suppose -3*j = g - 35, -3*g - j + 3*j + 50 = 0. Suppose g*w + 623 = 27*w. Calculate the remainder when w is divided by 18.
17
Suppose -2*y = -3*a + 1766, 0 = 7*a - 11*a - 4*y + 2388. Calculate the remainder when a is divided by 54.
52
Suppose 19*z = -2*z + 14154. Calculate the remainder when z is divided by 45.
44
Let l(q) = 4*q - q + 7 - 4*q. What is the remainder when (-2376)/(-55) + 2/(-10) is divided by l(-8)?
13
Suppose 41 = g - 2*n, -2*g - 4*n + 91 = n. Suppose 8 = -q + 5*h + g, 5*h = 3*q - 65. What is the remainder when q is divided by (24/5)/3*5?
7
Suppose 3*s - 6*s + 2*d = -56, 0 = 5*s - 5*d - 90. Let q = 52 + -33. Suppose 5*l + 5 + q = 2*p, -4*p = 5*l - 18. What is the remainder when s is divided by p?
6
Let y(f) = f**2 + 5*f - 4. Let r be y(-7). Let a be ((-4)/r)/(1/15). Let q(b) = b**2 + 4*b - 4. Calculate the remainder when 30 is divided by q(a).
6
Let m be (8 - 5)/(6/8). Suppose -6*q + y - 57 = -q, m*q + 45 = y. Let i = q - -25. What is the remainder when i is divided by 5?
3
Let u = 1045 - 125. Calculate the remainder when u is divided by 12.
8
Suppose -39 - 81 = -5*l + 5*c, 5*c = l - 32. What is the remainder when 78 is divided by l?
12
Suppose -5*l = 2*h + 61, 5*h = -2*l - 80 - 83. Suppose 276*c + 972 = 258*c. Let f = h - c. Calculate the remainder when 62 is divided by f.
20
Let d(u) = 7*u**2 - 16*u + 9. Suppose 2*s = 2*v - 2, 0 = 2*v + s - 0*s - 14. What is the remainder when d(v) is divided by 16?
8
Let d = -615 - -866. Calculate the remainder when d is divided by 51.
47
Suppose 10*i - 4495 = 655. What is the remainder when i is divided by 37?
34
Let w(x) = x**3 + 17*x**2 - 20*x - 10. Let q be w(-18). Suppose -3*k - g = -38, -5*g - 4 = k - q. Calculate the remainder when 35 is divided by k.
11
Let f = 41 - 34. Suppose 0 = -4*l - 3*l + 154. What is the remainder when l is divided by f?
1
Suppose n + 15 = q, 2 = -n + 3. Let j be (-15)/5*206/(-6). Let g = j - q. What is the remainder when g is divided by 22?
21
Let g(f) = -5*f - 12. Let l(q) = -15*q - 36. Let x(o) = -17*g(o) + 6*l(o). Calculate the remainder when x(-7) is divided by 6.
5
Let h(d) = 3*d**2 + 2*d - 7. What is the remainder when 159 is divided by h(2)?
6
Suppose -2 + 5 = v. Let j = -1188 - -1215. What is the remainder when j is divided by v?
0
Let n(y) = 17*y**3 + 6*y**2 + 8*y + 4. Let h be n(-2). Let s be -25*(-1 - -1 - -7). Let c = h - s. What is the remainder when c is divided by 18?
15
Let v(g) be the first derivative of 3*g**4/4 + g**3/3 - 4*g - 41. What is the remainder when 46 is divided by v(2)?
22
Suppose 4*f + d - 280 = 0, -f - 5*d + 122 = f. What is the remainder when f is divided by ((-407)/22)/((-3)/6 - 0)?
34
Let m = -10 - 9. Let h = 20 + m. What is the remainder when 29 is divided by (19 - (2 - h)) + -2?
13
Suppose q - 36 = -3*q. Suppose -x - 1 = -81. What is the remainder when 102/(-8)*x/(-30) is divided by q?
7
Let w(z) = 2*z**2 + 6*z - 3. Let k(x) = -2*x**3 + 5*x**2 - 4*x - 2. Let t be k(2). Calculate the remainder when w(t) is divided by 17.
16
Let u(j) = -14*j + 100. What is the remainder when u(5) is divided by 15?
0
Let d = -33 + 32. Let c be (-5)/5 - 106/d. Suppose 0 = -3*j - 2*j + c. What is the remainder when 60 is divided by j?
18
Suppose 5*u - 22 - 38 = 0. Let c(w) = -w**2 + 14*w + 32. What is t